{"id":579,"date":"2025-12-04T20:18:45","date_gmt":"2025-12-04T20:18:45","guid":{"rendered":"https:\/\/cicibicihome.com\/?post_type=product&#038;p=579"},"modified":"2025-12-04T20:18:45","modified_gmt":"2025-12-04T20:18:45","slug":"miranda-beyaz-6-kisilik-porselen-kahve-fincani-takimi-90-ml","status":"publish","type":"product","link":"https:\/\/cicibicihome.com\/?product=miranda-beyaz-6-kisilik-porselen-kahve-fincani-takimi-90-ml","title":{"rendered":"Miranda Beyaz 6 Ki\u015filik Porselen Kahve Fincan\u0131 Tak\u0131m\u0131 &#8211; 90 ml"},"content":{"rendered":"<h4><strong>\u00dcr\u00fcn i\u00e7eri\u011fi;<\/strong><\/h4>\n<ul>\n<li>\n<h4>6\u00a0adet kahve fincan\u0131 &#8211;\u00a090\u00a0cc<\/h4>\n<\/li>\n<li>\n<h4>6\u00a0adet kahve fincan\u0131 taba\u011f\u0131<\/h4>\n<\/li>\n<\/ul>\n<h4><strong>Malzeme:<\/strong>\u00a0Porselen<\/h4>\n","protected":false},"excerpt":{"rendered":"<p>\u00dcr\u00fcn i\u00e7eri\u011fi; 6\u00a0adet kahve fincan\u0131 &#8211;\u00a090\u00a0cc 6\u00a0adet kahve fincan\u0131 taba\u011f\u0131 Malzeme:\u00a0Porselen<\/p>\n","protected":false},"featured_media":580,"template":"","meta":[],"product_brand":[33],"product_cat":[39],"product_tag":[],"class_list":{"0":"post-579","1":"product","2":"type-product","3":"status-publish","4":"has-post-thumbnail","6":"product_brand-acar","7":"product_cat-fincan-takimi-ve-kupa","9":"first","10":"instock","11":"sale","12":"shipping-taxable","13":"purchasable","14":"product-type-simple"},"jetpack_sharing_enabled":true,"_links":{"self":[{"href":"https:\/\/cicibicihome.com\/index.php?rest_route=\/wp\/v2\/product\/579","targetHints":{"allow":["GET"]}}],"collection":[{"href":"https:\/\/cicibicihome.com\/index.php?rest_route=\/wp\/v2\/product"}],"about":[{"href":"https:\/\/cicibicihome.com\/index.php?rest_route=\/wp\/v2\/types\/product"}],"version-history":[{"count":1,"href":"https:\/\/cicibicihome.com\/index.php?rest_route=\/wp\/v2\/product\/579\/revisions"}],"predecessor-version":[{"id":582,"href":"https:\/\/cicibicihome.com\/index.php?rest_route=\/wp\/v2\/product\/579\/revisions\/582"}],"wp:featuredmedia":[{"embeddable":true,"href":"https:\/\/cicibicihome.com\/index.php?rest_route=\/wp\/v2\/media\/580"}],"wp:attachment":[{"href":"https:\/\/cicibicihome.com\/index.php?rest_route=%2Fwp%2Fv2%2Fmedia&parent=579"}],"wp:term":[{"taxonomy":"product_brand","embeddable":true,"href":"https:\/\/cicibicihome.com\/index.php?rest_route=%2Fwp%2Fv2%2Fproduct_brand&post=579"},{"taxonomy":"product_cat","embeddable":true,"href":"https:\/\/cicibicihome.com\/index.php?rest_route=%2Fwp%2Fv2%2Fproduct_cat&post=579"},{"taxonomy":"product_tag","embeddable":true,"href":"https:\/\/cicibicihome.com\/index.php?rest_route=%2Fwp%2Fv2%2Fproduct_tag&post=579"}],"curies":[{"name":"wp","href":"https:\/\/api.w.org\/{rel}","templated":true}]}}